{"id":97,"date":"2022-01-04T10:40:04","date_gmt":"2022-01-04T10:40:04","guid":{"rendered":"https:\/\/jonis.lt\/ansamblis\/?page_id=97"},"modified":"2025-10-28T14:58:00","modified_gmt":"2025-10-28T14:58:00","slug":"ansamblis-jonis","status":"publish","type":"page","link":"https:\/\/jonis.lt\/ansamblis\/","title":{"rendered":"Ansamblis JONIS"},"content":{"rendered":"\t\t<div data-elementor-type=\"wp-page\" data-elementor-id=\"97\" class=\"elementor elementor-97\" data-elementor-post-type=\"page\">\n\t\t\t\t\t\t<section class=\"elementor-section elementor-top-section elementor-element elementor-element-9c18577 elementor-section-boxed elementor-section-height-default elementor-section-height-default\" data-id=\"9c18577\" data-element_type=\"section\" data-e-type=\"section\">\n\t\t\t\t\t\t<div class=\"elementor-container elementor-column-gap-default\">\n\t\t\t\t\t<div class=\"elementor-column elementor-col-16 elementor-top-column elementor-element elementor-element-80007a0\" data-id=\"80007a0\" data-element_type=\"column\" data-e-type=\"column\">\n\t\t\t<div class=\"elementor-widget-wrap\">\n\t\t\t\t\t\t\t<\/div>\n\t\t<\/div>\n\t\t\t\t<div class=\"elementor-column elementor-col-66 elementor-top-column elementor-element elementor-element-e29e943\" data-id=\"e29e943\" data-element_type=\"column\" data-e-type=\"column\">\n\t\t\t<div class=\"elementor-widget-wrap elementor-element-populated\">\n\t\t\t\t\t\t<div class=\"elementor-element elementor-element-5211503 elementor-widget elementor-widget-text-editor\" data-id=\"5211503\" data-element_type=\"widget\" data-e-type=\"widget\" data-widget_type=\"text-editor.default\">\n\t\t\t\t<div class=\"elementor-widget-container\">\n\t\t\t\t\t\t\t\t\t<p style=\"text-align: center;\"><img fetchpriority=\"high\" decoding=\"async\" class=\"aligncenter size-large wp-image-2114\" src=\"https:\/\/jonis.lt\/ansamblis\/wp-content\/uploads\/2025\/10\/JONIS-facebook-virselis-16-MB-1024x576.png\" alt=\"\" width=\"1024\" height=\"576\" srcset=\"https:\/\/jonis.lt\/ansamblis\/wp-content\/uploads\/2025\/10\/JONIS-facebook-virselis-16-MB-1024x576.png 1024w, https:\/\/jonis.lt\/ansamblis\/wp-content\/uploads\/2025\/10\/JONIS-facebook-virselis-16-MB-300x169.png 300w, https:\/\/jonis.lt\/ansamblis\/wp-content\/uploads\/2025\/10\/JONIS-facebook-virselis-16-MB-768x432.png 768w, https:\/\/jonis.lt\/ansamblis\/wp-content\/uploads\/2025\/10\/JONIS-facebook-virselis-16-MB-1536x864.png 1536w, https:\/\/jonis.lt\/ansamblis\/wp-content\/uploads\/2025\/10\/JONIS-facebook-virselis-16-MB.png 1600w\" sizes=\"(max-width: 1024px) 100vw, 1024px\" \/><\/p>\t\t\t\t\t\t\t\t<\/div>\n\t\t\t\t<\/div>\n\t\t\t\t\t<\/div>\n\t\t<\/div>\n\t\t\t\t<div class=\"elementor-column elementor-col-16 elementor-top-column elementor-element elementor-element-fe11f6a\" data-id=\"fe11f6a\" data-element_type=\"column\" data-e-type=\"column\">\n\t\t\t<div class=\"elementor-widget-wrap\">\n\t\t\t\t\t\t\t<\/div>\n\t\t<\/div>\n\t\t\t\t\t<\/div>\n\t\t<\/section>\n\t\t\t\t<section class=\"elementor-section elementor-top-section elementor-element elementor-element-6d884df elementor-section-boxed elementor-section-height-default elementor-section-height-default\" data-id=\"6d884df\" data-element_type=\"section\" data-e-type=\"section\">\n\t\t\t\t\t\t<div class=\"elementor-container elementor-column-gap-default\">\n\t\t\t\t\t<div class=\"elementor-column elementor-col-25 elementor-top-column elementor-element elementor-element-d9a4a39\" data-id=\"d9a4a39\" data-element_type=\"column\" data-e-type=\"column\">\n\t\t\t<div class=\"elementor-widget-wrap\">\n\t\t\t\t\t\t\t<\/div>\n\t\t<\/div>\n\t\t\t\t<div class=\"elementor-column elementor-col-50 elementor-top-column elementor-element elementor-element-f187248\" data-id=\"f187248\" data-element_type=\"column\" data-e-type=\"column\">\n\t\t\t<div class=\"elementor-widget-wrap elementor-element-populated\">\n\t\t\t\t\t\t<div class=\"elementor-element elementor-element-d09e43c elementor-widget elementor-widget-video\" data-id=\"d09e43c\" data-element_type=\"widget\" data-e-type=\"widget\" data-settings=\"{&quot;youtube_url&quot;:&quot;https:\\\/\\\/youtu.be\\\/iassr7zCRQ4&quot;,&quot;autoplay&quot;:&quot;yes&quot;,&quot;video_type&quot;:&quot;youtube&quot;,&quot;controls&quot;:&quot;yes&quot;}\" data-widget_type=\"video.default\">\n\t\t\t\t<div class=\"elementor-widget-container\">\n\t\t\t\t\t\t\t<div class=\"elementor-wrapper elementor-open-inline\">\n\t\t\t<div class=\"elementor-video\"><\/div>\t\t<\/div>\n\t\t\t\t\t\t<\/div>\n\t\t\t\t<\/div>\n\t\t\t\t\t<\/div>\n\t\t<\/div>\n\t\t\t\t<div class=\"elementor-column elementor-col-25 elementor-top-column elementor-element elementor-element-dccdffe\" data-id=\"dccdffe\" data-element_type=\"column\" data-e-type=\"column\">\n\t\t\t<div class=\"elementor-widget-wrap\">\n\t\t\t\t\t\t\t<\/div>\n\t\t<\/div>\n\t\t\t\t\t<\/div>\n\t\t<\/section>\n\t\t\t\t<section class=\"elementor-section elementor-top-section elementor-element elementor-element-48e45da elementor-section-boxed elementor-section-height-default elementor-section-height-default\" data-id=\"48e45da\" data-element_type=\"section\" data-e-type=\"section\">\n\t\t\t\t\t\t<div class=\"elementor-container elementor-column-gap-default\">\n\t\t\t\t\t<div class=\"elementor-column elementor-col-100 elementor-top-column elementor-element elementor-element-6f7f518\" data-id=\"6f7f518\" data-element_type=\"column\" data-e-type=\"column\">\n\t\t\t<div class=\"elementor-widget-wrap elementor-element-populated\">\n\t\t\t\t\t\t<div class=\"elementor-element elementor-element-3bb07ff elementor-widget elementor-widget-text-editor\" data-id=\"3bb07ff\" data-element_type=\"widget\" data-e-type=\"widget\" data-widget_type=\"text-editor.default\">\n\t\t\t\t<div class=\"elementor-widget-container\">\n\t\t\t\t\t\t\t\t\t<h6 style=\"text-align: center;\"><a href=\"https:\/\/jonis.lt\/ansamblis\/jonio-pasiulymas\/\">Ansamblio &#8222;Jonis&#8221; pasi\u016blymas 2026 met\u0173 sezonui&#8230;<\/a><\/h6>\t\t\t\t\t\t\t\t<\/div>\n\t\t\t\t<\/div>\n\t\t\t\t\t<\/div>\n\t\t<\/div>\n\t\t\t\t\t<\/div>\n\t\t<\/section>\n\t\t\t\t<section class=\"elementor-section elementor-top-section elementor-element elementor-element-78d364b elementor-section-boxed elementor-section-height-default elementor-section-height-default\" data-id=\"78d364b\" data-element_type=\"section\" data-e-type=\"section\">\n\t\t\t\t\t\t<div class=\"elementor-container elementor-column-gap-default\">\n\t\t\t\t\t<div class=\"elementor-column elementor-col-100 elementor-top-column elementor-element elementor-element-a8d827d\" data-id=\"a8d827d\" data-element_type=\"column\" data-e-type=\"column\">\n\t\t\t<div class=\"elementor-widget-wrap elementor-element-populated\">\n\t\t\t\t\t\t<div class=\"elementor-element elementor-element-c81e861 elementor-widget elementor-widget-text-editor\" data-id=\"c81e861\" data-element_type=\"widget\" data-e-type=\"widget\" data-widget_type=\"text-editor.default\">\n\t\t\t\t<div class=\"elementor-widget-container\">\n\t\t\t\t\t\t\t\t\t<h6>Daugiau nei 40 met\u0173 kai kuriame ir grojame Jums! Nuo ansamblio muzikant\u0173 aran\u017euot\u0173 ir autorini\u0173 dain\u0173, nuo Folk iki Country muzikos ar tiesiog linksma muzikik\u0117. Tokie mes&#8230;\u00a0 Gera proga \u0161i\u0105 vasar\u0105 susitikti J\u016bs\u0173 bendruomen\u0117s organizuojamose \u0161vent\u0117se ar festivaliuose.<\/h6><h6>\u00a0<\/h6><h6>Su mumis visada galima susisiekti tel. +370 611 16565 arba <a href=\"mailto:jonis@splius.lt\">jonis@splius.lt<\/a>\u00a0<\/h6><h6>Daugiau informacijos apie ansambl\u012f \u201cJonis\u201c\u00a0 <a href=\"https:\/\/jonis.lt\/ansamblis\/\">https:\/\/jonis.lt\/ansamblis\/<\/a>\u00a0\u00a0 arba <a href=\"https:\/\/www.facebook.com\/ansamblis.jonis\/\">https:\/\/www.facebook.com\/ansamblis.jonis\/ \u00a0 <\/a>Visiems gra\u017eios vasaros&#8230;<\/h6>\t\t\t\t\t\t\t\t<\/div>\n\t\t\t\t<\/div>\n\t\t\t\t\t<\/div>\n\t\t<\/div>\n\t\t\t\t\t<\/div>\n\t\t<\/section>\n\t\t\t\t<section class=\"elementor-section elementor-top-section elementor-element elementor-element-037e882 elementor-section-boxed elementor-section-height-default elementor-section-height-default\" data-id=\"037e882\" data-element_type=\"section\" data-e-type=\"section\">\n\t\t\t\t\t\t<div class=\"elementor-container elementor-column-gap-default\">\n\t\t\t\t\t<div class=\"elementor-column elementor-col-100 elementor-top-column elementor-element elementor-element-3c106df\" data-id=\"3c106df\" data-element_type=\"column\" data-e-type=\"column\">\n\t\t\t<div class=\"elementor-widget-wrap elementor-element-populated\">\n\t\t\t\t\t\t<div class=\"elementor-element elementor-element-40f8c1a elementor-widget elementor-widget-text-editor\" data-id=\"40f8c1a\" data-element_type=\"widget\" data-e-type=\"widget\" data-widget_type=\"text-editor.default\">\n\t\t\t\t<div class=\"elementor-widget-container\">\n\t\t\t\t\t\t\t\t\t<h6><span style=\"color: #993300;\"><strong>Ansamblis JONIS<\/strong> (\u0160iauliai, Lietuva)<\/span><\/h6><h6>Ansamblis \u201eJonis\u201c pirmuosius muzikinius \u017eingsnius skai\u010diuoja nuo 1984 met\u0173. J\u0173 repertuare skamba pa\u010di\u0173 muzikant\u0173 sukurtos autorin\u0117s dainos ir instrumentiniai k\u016briniai, lietuvi\u0173 liaudies aran\u017euotos dainos, o taip pat lietuvi\u0161ka, u\u017esienieti\u0161ka kantri muzika ir populiar\u016bs hitai. Per tuos metus i\u0161leisti 22 audio ir 2 video albumai, dalyvauta \u012fvairiuose Folk ir Country muzikos festivaliuose u\u017esienyje ir Lietuvoje, pabuvota su soliniais koncertais JAV, Vokietijoje, Suomijoje, Lenkijoje, Airijoje, Anglijoje ir kaimynin\u0117se \u0161alyse. Grup\u0117s muzikant\u0173 iniciatyva 1994 metais \u0160iauliuose \u012fkurtas muzikinis klubas &#8211; smukl\u0117 \u201eJuon\u0117 pastuog\u0117\u201c, kuriame kelis vakarus per savait\u0119 skamba gyva muzika. &#8222;Jonis&#8221; groja tik gyvai, tod\u0117l da\u017enai kvie\u010diami \u012f \u012fvairiausius renginius, kuriuose jie gali parodyti nuotaiking\u0105 solin\u012f koncert\u0105, groti \u012fvairiausiuose vakar\u0117liuose, klubuose ir priva\u010diuose vakar\u0117liuose.<\/h6>\t\t\t\t\t\t\t\t<\/div>\n\t\t\t\t<\/div>\n\t\t\t\t\t<\/div>\n\t\t<\/div>\n\t\t\t\t\t<\/div>\n\t\t<\/section>\n\t\t\t\t<section class=\"elementor-section elementor-top-section elementor-element elementor-element-6d235a8 elementor-section-boxed elementor-section-height-default elementor-section-height-default\" data-id=\"6d235a8\" data-element_type=\"section\" data-e-type=\"section\">\n\t\t\t\t\t\t<div class=\"elementor-container elementor-column-gap-default\">\n\t\t\t\t\t<div class=\"elementor-column elementor-col-100 elementor-top-column elementor-element elementor-element-b58ad9b\" data-id=\"b58ad9b\" data-element_type=\"column\" data-e-type=\"column\">\n\t\t\t<div class=\"elementor-widget-wrap elementor-element-populated\">\n\t\t\t\t\t\t<div class=\"elementor-element elementor-element-e62e0ab elementor-widget elementor-widget-text-editor\" data-id=\"e62e0ab\" data-element_type=\"widget\" data-e-type=\"widget\" data-widget_type=\"text-editor.default\">\n\t\t\t\t<div class=\"elementor-widget-container\">\n\t\t\t\t\t\t\t\t\t<h6><span style=\"color: #993300;\"><strong>Grup\u0117s muzikantai:<\/strong><\/span><\/h6><h6><strong>Pranci\u0161kus Trijonis (ansamblio vadovas) &#8211; akustin\u0117 gitara, vokalas;<\/strong><\/h6><h6><strong>Romaldas Trijonis &#8211; still gitara, mandolina, vokalas;<\/strong><\/h6><h6><strong>Edmundas Grubliauskis &#8211; akordeonas, armonika, l\u016bpin\u0117 armonik\u0117l\u0117, vokalas<\/strong><strong>;<\/strong><\/h6><h6><strong>Evaldas Daujotas \u2013 elektrin\u0117 gitara, vokalas;<\/strong><\/h6><h6><strong>Arvydas \u017diauberis \u2013 kontrabosas, vokalas;<\/strong><\/h6><h6><strong>Art\u016bras Mankus &#8211; mu\u0161amieji, perkusija;<\/strong><\/h6><h6><span style=\"color: #000000;\">Zigmas Kri\u0161\u010di\u016bnas &#8211; grup\u0117s administratorius.<\/span><\/h6>\t\t\t\t\t\t\t\t<\/div>\n\t\t\t\t<\/div>\n\t\t\t\t\t<\/div>\n\t\t<\/div>\n\t\t\t\t\t<\/div>\n\t\t<\/section>\n\t\t\t\t<\/div>\n\t\t","protected":false},"excerpt":{"rendered":"<p>https:\/\/youtu.be\/iassr7zCRQ4 Ansamblio &#8222;Jonis&#8221; pasi\u016blymas 2026 met\u0173 sezonui&#8230; Daugiau nei 40 met\u0173 kai kuriame ir grojame Jums! Nuo ansamblio muzikant\u0173 aran\u017euot\u0173 ir autorini\u0173 dain\u0173, nuo Folk iki Country muzikos ar tiesiog linksma muzikik\u0117. Tokie mes&#8230;\u00a0 Gera proga \u0161i\u0105 vasar\u0105 susitikti J\u016bs\u0173 bendruomen\u0117s organizuojamose \u0161vent\u0117se ar festivaliuose. \u00a0 Su mumis visada galima susisiekti tel. +370 611 16565 [&hellip;]<\/p>\n","protected":false},"author":2,"featured_media":0,"parent":0,"menu_order":0,"comment_status":"closed","ping_status":"closed","template":"elementor_header_footer","meta":{"_eb_attr":"","site-sidebar-layout":"no-sidebar","site-content-layout":"page-builder","ast-site-content-layout":"","site-content-style":"default","site-sidebar-style":"default","ast-global-header-display":"","ast-banner-title-visibility":"","ast-main-header-display":"","ast-hfb-above-header-display":"","ast-hfb-below-header-display":"","ast-hfb-mobile-header-display":"","site-post-title":"disabled","ast-breadcrumbs-content":"","ast-featured-img":"disabled","footer-sml-layout":"","theme-transparent-header-meta":"","adv-header-id-meta":"","stick-header-meta":"","header-above-stick-meta":"","header-main-stick-meta":"","header-below-stick-meta":"","astra-migrate-meta-layouts":"default","ast-page-background-enabled":"default","ast-page-background-meta":{"desktop":{"background-color":"var(--ast-global-color-4)","background-image":"","background-repeat":"repeat","background-position":"center center","background-size":"auto","background-attachment":"scroll","background-type":"","background-media":"","overlay-type":"","overlay-color":"","overlay-opacity":"","overlay-gradient":""},"tablet":{"background-color":"","background-image":"","background-repeat":"repeat","background-position":"center center","background-size":"auto","background-attachment":"scroll","background-type":"","background-media":"","overlay-type":"","overlay-color":"","overlay-opacity":"","overlay-gradient":""},"mobile":{"background-color":"","background-image":"","background-repeat":"repeat","background-position":"center center","background-size":"auto","background-attachment":"scroll","background-type":"","background-media":"","overlay-type":"","overlay-color":"","overlay-opacity":"","overlay-gradient":""}},"ast-content-background-meta":{"desktop":{"background-color":"var(--ast-global-color-5)","background-image":"","background-repeat":"repeat","background-position":"center center","background-size":"auto","background-attachment":"scroll","background-type":"","background-media":"","overlay-type":"","overlay-color":"","overlay-opacity":"","overlay-gradient":""},"tablet":{"background-color":"var(--ast-global-color-5)","background-image":"","background-repeat":"repeat","background-position":"center center","background-size":"auto","background-attachment":"scroll","background-type":"","background-media":"","overlay-type":"","overlay-color":"","overlay-opacity":"","overlay-gradient":""},"mobile":{"background-color":"var(--ast-global-color-5)","background-image":"","background-repeat":"repeat","background-position":"center center","background-size":"auto","background-attachment":"scroll","background-type":"","background-media":"","overlay-type":"","overlay-color":"","overlay-opacity":"","overlay-gradient":""}},"footnotes":""},"class_list":["post-97","page","type-page","status-publish","hentry"],"_links":{"self":[{"href":"https:\/\/jonis.lt\/ansamblis\/wp-json\/wp\/v2\/pages\/97","targetHints":{"allow":["GET"]}}],"collection":[{"href":"https:\/\/jonis.lt\/ansamblis\/wp-json\/wp\/v2\/pages"}],"about":[{"href":"https:\/\/jonis.lt\/ansamblis\/wp-json\/wp\/v2\/types\/page"}],"author":[{"embeddable":true,"href":"https:\/\/jonis.lt\/ansamblis\/wp-json\/wp\/v2\/users\/2"}],"replies":[{"embeddable":true,"href":"https:\/\/jonis.lt\/ansamblis\/wp-json\/wp\/v2\/comments?post=97"}],"version-history":[{"count":146,"href":"https:\/\/jonis.lt\/ansamblis\/wp-json\/wp\/v2\/pages\/97\/revisions"}],"predecessor-version":[{"id":2132,"href":"https:\/\/jonis.lt\/ansamblis\/wp-json\/wp\/v2\/pages\/97\/revisions\/2132"}],"wp:attachment":[{"href":"https:\/\/jonis.lt\/ansamblis\/wp-json\/wp\/v2\/media?parent=97"}],"curies":[{"name":"wp","href":"https:\/\/api.w.org\/{rel}","templated":true}]}}